hat is the greatest common factor of 4589 and 939003?
13
Calculate the greatest common factor of 23200 and 103298400.
800
What is the highest common divisor of 13730144 and 128?
32
Calculate the greatest common divisor of 140154 and 3010329.
1491
Calculate the greatest common divisor of 7941967 and 11.
11
What is the greatest common divisor of 151020 and 25340?
20
What is the highest common divisor of 1424 and 5280904?
712
What is the greatest common divisor of 230960 and 184?
8
Calculate the highest common divisor of 11792 and 3465307.
67
What is the greatest common factor of 92308 and 2353363?
491
What is the greatest common factor of 3932 and 2956?
4
Calculate the greatest common divisor of 101766768 and 64.
16
What is the greatest common factor of 100 and 1627529200?
100
Calculate the highest common factor of 1377382 and 1175.
47
Calculate the highest common divisor of 3160 and 688232.
8
What is the highest common divisor of 6605259 and 3066?
219
Calculate the highest common divisor of 1029 and 1573041.
3
Calculate the highest common factor of 5035 and 1313755.
95
What is the highest common divisor of 1570 and 1060064?
314
Calculate the highest common divisor of 3816851 and 2631256.
7649
Calculate the highest common divisor of 10100525 and 2425.
25
Calculate the greatest common divisor of 1703460 and 5115.
165
What is the highest common factor of 17484308 and 69692?
524
Calculate the greatest common divisor of 3259624 and 336008.
3464
What is the greatest common divisor of 447680330 and 10?
10
Calculate the highest common factor of 12032 and 34366964.
188
What is the greatest common divisor of 33056504 and 1976?
1976
What is the highest common divisor of 11043364 and 7624?
3812
Calculate the greatest common factor of 612 and 135670863.
51
What is the greatest common factor of 115 and 10417850?
115
Calculate the greatest common factor of 1801012731 and 903.
903
What is the highest common factor of 6510 and 6248298?
1302
What is the highest common factor of 18686664 and 20?
4
Calculate the highest common divisor of 25803438 and 264.
6
Calculate the greatest common factor of 2196582 and 150.
6
Calculate the highest common divisor of 120393 and 49518.
189
Calculate the highest common divisor of 212273162 and 106.
106
What is the highest common factor of 35981 and 1496?
11
Calculate the highest common divisor of 715 and 49625862.
143
What is the greatest common factor of 869 and 182303?
11
What is the greatest common factor of 3938 and 1224564?
22
What is the highest common factor of 41490332 and 139212?
5156
Calculate the greatest common divisor of 3640 and 1408316.
364
Calculate the highest common divisor of 10634 and 46722.
26
What is the greatest common divisor of 11 and 63614199?
11
Calculate the greatest common factor of 11 and 112304027.
11
Calculate the highest common divisor of 7 and 122564974.
7
Calculate the greatest common factor of 51118 and 99303.
419
What is the highest common factor of 52362211 and 11?
11
Calculate the greatest common factor of 39693576 and 81016.
4264
Calculate the greatest common factor of 23712347 and 61.
61
Calculate the highest common factor of 191410 and 32730.
10
What is the greatest common divisor of 332693 and 183845?
443
Calculate the highest common divisor of 2139 and 23316402.
93
What is the greatest common divisor of 570 and 90872934?
114
What is the greatest common divisor of 104364190 and 2380?
1190
Calculate the highest common factor of 126 and 1981448.
14
What is the highest common factor of 935203 and 112493?
1679
What is the greatest common divisor of 311787701 and 323?
323
Calculate the greatest common factor of 1535772 and 2226.
42
What is the highest common divisor of 42857374 and 238?
238
What is the highest common factor of 2112 and 2391372?
12
Calculate the greatest common factor of 13626 and 604017870.
4542
Calculate the greatest common factor of 29960535 and 642.
321
What is the greatest common factor of 22 and 2441410851?
11
Calculate the highest common divisor of 140 and 36145.
5
Calculate the highest common factor of 52593994 and 58.
58
Calculate the highest common divisor of 75267856 and 272.
16
Calculate the greatest common divisor of 1530 and 9973390.
170
What is the highest common divisor of 5150 and 1372148490?
1030
Calculate the highest common factor of 385961300 and 48650.
6950
Calculate the greatest common divisor of 5869512 and 726.
66
Calculate the greatest common factor of 5258 and 3403838.
478
Calculate the greatest common divisor of 5341 and 140067725.
5341
What is the highest common divisor of 3548303 and 297?
11
What is the greatest common divisor of 20592530 and 735?
35
What is the greatest common factor of 10208 and 7611340?
1276
What is the greatest common divisor of 2898 and 5796161?
161
Calculate the greatest common divisor of 50 and 1406282.
2
What is the highest common factor of 1701 and 18402633?
243
What is the highest common divisor of 700336802 and 22?
22
Calculate the greatest common divisor of 987 and 168224.
7
What is the highest common factor of 748 and 16186?
2
Calculate the greatest common factor of 2160975 and 6.
3
What is the greatest common factor of 890043 and 4851?
231
What is the greatest common factor of 436 and 391419?
109
What is the highest common factor of 40887 and 501732?
693
What is the greatest common divisor of 1567192 and 363?
121
Calculate the greatest common factor of 16014 and 6939714.
942
Calculate the highest common divisor of 720 and 1016384.
16
Calculate the highest common divisor of 500800248 and 936.
936
Calculate the highest common factor of 351 and 3207168.
27
What is the highest common factor of 341 and 1601633?
11
Calculate the greatest common divisor of 2664675 and 1365.
195
Calculate the highest common divisor of 42 and 4578777.
21
What is the greatest common factor of 46132 and 4665184?
76
Calculate the highest common factor of 3346 and 616952.
14
Calculate the greatest common divisor of 1980 and 73699010.
110
What is the highest common factor of 323 and 788443?
323
Calculate the highest common factor of 1156 and 13835875.
289
Calculate the highest common divisor of 64 and 237796176.
16
Calculate the highest common factor of 17 and 354627038.
17
What is the greatest common factor of 478 and 64909293?
239
What is the greatest common factor of 4 and 5236774?
2
Calculate the highest common factor of 18723 and 85320.
237
What is the greatest common divisor of 38961 and 88751?
13
Calculate the highest common factor of 20126007 and 9.
9
What is the highest common divisor of 8 and 856057?
1
What is the highest common factor of 1468130 and 93100?
190
What is the highest common divisor of 2688 and 34895?
7
What is the highest common divisor of 6545 and 14805980?
595
Calculate the greatest common factor of 287325 and 60975.
225
What is the greatest common factor of 374744 and 176251?
337
What is the greatest common divisor of 1548 and 82393461?
387
What is the greatest common divisor of 530356494 and 184?
46
What is the greatest common divisor of 4020520 and 3080?
280
Calculate the highest common divisor of 1981306 and 834.
278
Calculate the greatest common factor of 212 and 168466436.
212
What is the greatest common divisor of 20730 and 615?
15
Calculate the highest common divisor of 22537251 and 2673.
297
Calculate the greatest common divisor of 368 and 108002411.
23
What is the greatest common factor of 1888 and 9004816?
944
What is the greatest common divisor of 2452411 and 7384?
923
What is the highest common factor of 7531 and 218501?
17
What is the greatest common divisor of 8348838 and 5729?
337
Calculate the highest common factor of 157 and 277948875.
157
Calculate the greatest common factor of 13757896 and 13192.
136
What is the greatest common divisor of 122920 and 66080?
280
Calculate the greatest common divisor of 1272736 and 24.
8
What is the greatest common factor of 20 and 59263835?
5
Calculate the highest common divisor of 525 and 6220879.
7
Calculate the highest common factor of 8174654 and 12716.
578
What is the highest common divisor of 26409628 and 5292?
196
What is the greatest common divisor of 303057 and 109173?
453
What is the greatest common factor of 72319 and 95333131?
5563
What is the highest co